2694639 composite?
False
Is 4202610937 prime?
False
Is 44065597637 prime?
False
Is 42168766933 prime?
False
Is 5955107 a composite number?
False
Is 664095557 prime?
True
Is 2762932003 a composite number?
True
Is 10666347817 a composite number?
True
Is 10044991363 composite?
True
Is 303703111 a prime number?
True
Is 430974041 a composite number?
True
Is 829798397 composite?
True
Is 6786408731 prime?
True
Is 1632963899 prime?
False
Is 607531571 prime?
True
Is 379580633 a prime number?
False
Is 263708453 a composite number?
False
Is 8659017467 a composite number?
False
Is 31858422001 a composite number?
True
Is 9697668251 a composite number?
True
Is 1930558493 a prime number?
False
Is 1406495593 a prime number?
True
Is 891500354 prime?
False
Is 29251468457 composite?
False
Is 9467428423 a composite number?
False
Is 3053521589 composite?
True
Is 18215773 a composite number?
False
Is 8073907343 prime?
True
Is 257312243 composite?
True
Is 315476281 prime?
False
Is 223851343 a prime number?
False
Is 1724717563 prime?
True
Is 189570223 a composite number?
True
Is 181877593 prime?
True
Is 927570821 composite?
True
Is 47082636719 a composite number?
False
Is 862229659 a prime number?
False
Is 11943274227 prime?
False
Is 1065829901 composite?
False
Is 405769739 composite?
False
Is 236264201395 composite?
True
Is 19032519377 a composite number?
False
Is 1594897831 a prime number?
True
Is 120394360819 prime?
False
Is 741120103 prime?
False
Is 410463601 a prime number?
True
Is 2738320889 composite?
False
Is 20350187737 a composite number?
True
Is 28610698 a prime number?
False
Is 26227285261 a composite number?
False
Is 787224541 composite?
False
Is 769911451 a prime number?
True
Is 2499767359 composite?
True
Is 4488793759 composite?
True
Is 513323219 prime?
True
Is 44189869 composite?
False
Is 1128114359 a composite number?
False
Is 11013091007 prime?
False
Is 22601792957 composite?
False
Is 2082818233 prime?
True
Is 8799653683 composite?
True
Is 32750371 a prime number?
True
Is 146078494379 a prime number?
True
Is 10351629859 prime?
True
Is 4853334107 composite?
True
Is 61622268031 a prime number?
True
Is 962548057 a prime number?
False
Is 99996820637 a prime number?
False
Is 12997360751 composite?
False
Is 3079834831 a composite number?
False
Is 39766339 a composite number?
True
Is 2612483213 a prime number?
True
Is 45483177457 prime?
True
Is 102624465221 a composite number?
False
Is 23557556749 a composite number?
True
Is 2181676667 a composite number?
False
Is 3100436351 a prime number?
True
Is 212686081 composite?
True
Is 262594001 composite?
False
Is 388258879 a composite number?
True
Is 43019897 a composite number?
False
Is 642790441 a prime number?
False
Is 110252359121 composite?
True
Is 2407246757 a prime number?
True
Is 564590283 a prime number?
False
Is 47528919239 prime?
True
Is 151878295447 a prime number?
False
Is 41910769 prime?
True
Is 15468103751 prime?
True
Is 3607850903 prime?
False
Is 382009519 a composite number?
False
Is 3141344359 prime?
False
Is 5497365017 a composite number?
False
Is 259774301 a prime number?
True
Is 3141417817 prime?
True
Is 9742368203 a composite number?
True
Is 13714410065 a composite number?
True
Is 8605264753 prime?
True
Is 112382828533 a prime number?
False
Is 352413001 prime?
True
Is 444672727 a composite number?
True
Is 5564904146 a composite number?
True
Is 7836781571 a prime number?
True
Is 44981281867 a composite number?
False
Is 42212060447 prime?
False
Is 909082481 a composite number?
True
Is 42767547287 a prime number?
True
Is 326764921 a composite number?
True
Is 217623629 prime?
False
Is 27380581549 a composite number?
False
Is 1698326963 a prime number?
True
Is 2775842533 a composite number?
False
Is 205308707 a composite number?
False
Is 1513059721 a prime number?
False
Is 1272274214 prime?
False
Is 4850039941 prime?
False
Is 76311563 a prime number?
True
Is 414078663 a prime number?
False
Is 44506980149 prime?
True
Is 586528751 prime?
True
Is 3983042059 composite?
False
Is 9080481731 a prime number?
True
Is 6509024647 a prime number?
False
Is 457620151 a prime number?
True
Is 474561259 a composite number?
True
Is 21762747709 a prime number?
False
Is 1156796207 composite?
True
Is 130352003 composite?
False
Is 40979604959 composite?
False
Is 71496668921 a prime number?
True
Is 48156863 a prime number?
True
Is 14353752841 prime?
False
Is 84883114343 a prime number?
False
Is 3990296389 composite?
True
Is 878738557 composite?
False
Is 5630006861 a prime number?
False
Is 60396418955 a composite number?
True
Is 16935435691 a composite number?
False
Is 1048806106 a composite number?
True
Is 5373847429 prime?
False
Is 1894941311 a composite number?
False
Is 2012986879 a composite number?
True
Is 6896053793 a composite number?
False
Is 11433468197 a composite number?
False
Is 1729926521 a composite number?
True
Is 24003178541 composite?
False
Is 1222223953 composite?
False
Is 5183535067 prime?
True
Is 15115801091 a prime number?
True
Is 81334313 composite?
True
Is 3640002127 a prime number?
True
Is 647488529 a composite number?
False
Is 784358381 a prime number?
True
Is 10342106167 a prime number?
True
Is 347554673 a composite number?
False
Is 3864181019 composite?
False
Is 6085175939 composite?
False
Is 41631357181 prime?
False
Is 1618307359 prime?
True
Is 5118553718 a composite number?
True
Is 8804662987 a prime number?
True
Is 53323638091 a composite number?
False
Is 5106106427 a prime number?
True
Is 25613501369 composite?
False
Is 350278084471 prime?
False
Is 16015380809 composite?
False
Is 51660535361 prime?
False
Is 41719861219 prime?
True
Is 569541671 a composite number?
False
Is 73772341 a prime number?
True
Is 391922281 composite?
False
Is 3459123919 prime?
True
Is 923229911 a composite number?
True
Is 8920627951 a composite number?
False
Is 33844629653 a prime number?
True
Is 32445024011 prime?
False
Is 127820189209 composite?
True
Is 81798869 prime?
True
Is 7332174203 composite?
False
Is 5161886699 prime?
True
Is 2656177567 a composite number?
False
Is 3902196581 prime?
False
Is 28844148887 a prime number?
False
Is 790077077 composite?
True
Is 16904975741 composite?
False
Is 3600827339 a prime number?
False
Is 190376499 prime?
False
Is 6328508449 a composite number?
True
Is 728800357 prime?
True
Is 1219599166 a composite number?
True
Is 760520947 prime?
True
Is 341455553 prime?
True
Is 824553614 prime?
False
Is 362096417 a prime number?
True
Is 9129512287 prime?
False
Is 6398207141 a prime number?
True
Is 2387252477 composite?
False
Is 298767709 prime?
True
Is 1670135773 prime?
True
Is 2518913483 a composite number?
True
Is 113340799261 a composite number?
True
Is 1229576189 composite?
True
Is 24072672545 prime?
False
Is 34511330173 a composite number?
True
Is 724092571 composite?
False
Is 2941977931 composite?
False
Is 3122405851 composite?
True
Is 43007101 composite?
False
Is 38833202693 a prime number?
False
Is 12610864999 composite?
False
Is 35009040659 a prime number?
False
Is 819355777 composite?
True
Is 39595576373 a prime number?
True
Is 2094252343 a prime number?
True
Is 3255434453 composite?
False
Is 142363981249 prime?
False
Is 2233574939 a composite number?
True
Is 1918544273 a prime number?
True
Is 34494715195 a composite number?
True
Is 20774376221 a composite number?
True
Is 17172718547 a prime number?
False
Is 558656561 a composite number?
False
Is 13502979263 a composite number?
False
Is 28505308033 a prime number?
False
Is 23148632753 a prime number?
True
Is 175725883 a composite number?
True
Is 20004165001 a prime number?
True
Is 35569249493 composite?
True
Is 2559677699 prime?
False
Is 116556977 a composite number?
False
Is 18763202779 prime?
False
Is 31207433837 composite?
False
Is 88774193 a prime number?
True
Is 6919331263 composite?
True
Is 58354660463 composite?
True
Is 29226138167 a composite number?
False
Is 21643041559 prime?
True
Is 16301594377 a composite number?
True
Is 264103877 a prime number?
True
Is 5037688961 a composite number?
True
Is 18516060757 prime?
False
Is 32974423799 composite?
True
Is 12536827159 prime?
True
Is 23090122621 prime?
True
Is 490936207 a composite number?
True
Is 9439792561 prime?
False
Is 14437418041 composite?
False
Is 3239856661